). What is the tens digit of k(-1)?
1
Suppose 3*g - 13 - 2 = 0. Let v = g + 3. What is the units digit of v?
8
Let r be 4/(-10) - 519/15. Let b = r + 22. What is the units digit of (-4)/16 - b/4?
3
Let d(v) = 2*v**2 - 4*v + 6. Let u(t) = t + 13. Let z be u(-9). What is the tens digit of d(z)?
2
Suppose 5*n - n - 172 = 0. What is the units digit of n?
3
Let h = -59 - -93. What is the units digit of h?
4
Let w(k) = -k**2 + 11*k - 7. What is the tens digit of w(8)?
1
Suppose -3*c = 4*l - 6*l - 130, -88 = -2*c + 2*l. What is the units digit of c?
2
Let k be (-3)/6 + 98/4. Suppose -4*t + 0*t + q = -k, 0 = -2*t + 5*q - 6. What is the units digit of t?
7
Suppose 0 = k + 2*k. Suppose k = g - 7 - 11. Let d = g - 13. What is the units digit of d?
5
Let r be ((-2)/4)/((-3)/36). Let o be 83/3 - (-2)/r. Suppose 8 - o = -4*d. What is the units digit of d?
5
What is the hundreds digit of ((-2)/3)/((-4)/708)?
1
Let y(t) = t + 8. Let s be y(-8). Suppose x - u - 33 = s, 2*x - 3*x - 4*u + 58 = 0. What is the units digit of x?
8
Suppose -45 = -3*f + 195. What is the tens digit of f?
8
Suppose -a + 4*a - 9 = 0. Let z = 1 + -2. What is the units digit of 9 + -4 - (a + z)?
3
Let f be (-1 - -1) + 0 + 1. Let n = 4 - 6. What is the units digit of (f - (5 + n)) + 6?
4
Let h(x) = x**2 - 5*x. Let k be h(8). Let i = 40 - k. What is the tens digit of i?
1
Let u(o) = -o - 1. Let p(s) = -s + 2. Let j be p(8). Let l be (10/j)/(4/12). What is the units digit of u(l)?
4
Let y(q) = -q**3 + 7*q**2 + q + 4. What is the tens digit of y(-3)?
9
Let w(r) = -r**2 - 13*r + 6. Let j be w(-13). Suppose 2 = -4*n + j*n. What is the units digit of n?
1
Suppose 5*v + 0*v + 140 = 0. What is the units digit of (-8)/v - (-804)/28?
9
Let y be 15/9*(1 + 2). Let w = 10 - y. What is the units digit of w?
5
Let x(w) = w**3 + 8*w**2 + 3. Let h be x(-8). Let s(z) = z**3 - 4*z**2 + 3*z - 6. Let l be s(4). Suppose 0 = -h*j + 24 + l. What is the tens digit of j?
1
Let m(c) = -c**3 + c - 9. Let n be m(5). Let y = -82 - n. What is the tens digit of y?
4
Let z(l) = 3*l - 11. What is the units digit of z(7)?
0
Let o(l) = l - 4. Let w be o(6). Let k(x) = x**2. Let y be k(w). Suppose -z = -y*z + 12. What is the units digit of z?
4
Let i = 30 + -8. Let u = i - 10. Suppose -q - 3*q + 4*j + u = 0, 2*q = 3*j + 7. What is the units digit of q?
2
Let u = 6 + -7. What is the units digit of (1/u)/1 - -15?
4
Suppose 5*u - 6 = 3*u. Suppose 0*c = 4*v + 3*c - 116, 3*v + u*c = 87. What is the units digit of v?
9
Let z = 39 - -63. What is the hundreds digit of z?
1
Let v(i) = -5*i**2 - 36*i - 5. Let l(g) = -3*g**2 - 24*g - 3. Let d(b) = 8*l(b) - 5*v(b). What is the tens digit of d(13)?
1
Suppose -c + 5*o + 132 + 32 = 0, 0 = c - 2*o - 155. What is the units digit of c?
9
Suppose 230 = 4*g - 2*c, 4*g - 5*g - c + 59 = 0. Suppose 4*f - 2*f - g = -4*k, 5*f = -5*k + 65. What is the units digit of k?
6
Let o(u) be the second derivative of u**3/2 - 3*u**2/2 - 2*u. What is the units digit of o(2)?
3
Let s(z) = 2*z**2 - 36*z + 31. What is the units digit of s(25)?
1
Suppose 2*z + 8 = -2*d - 0*z, 5*d + 4*z + 22 = 0. Let v be 4/(-6) + (-124)/d. Suppose -v = -x - 3*x. What is the units digit of x?
5
Let n = 30 - -66. What is the tens digit of n?
9
Suppose -3*b = 4*x + 17, 31 = 5*b - 5*x + 1. Suppose 0 = -3*l - 5*a - b, -l + 2*a = 3*a - 3. What is the units digit of l?
8
Let r(y) = y**2 + 2*y - 3. Let c(g) = -g**3 + 2*g. Let j be c(2). Let m be r(j). Suppose 2*u - 5 = 3*k, m*k - 25 = -7*u + 2*u. What is the units digit of u?
4
Suppose -3*l + 5*l - 60 = 0. What is the units digit of l?
0
Let p be (-648)/(-45) - (-4)/(-10). Let k = p - -4. What is the units digit of k?
8
What is the units digit of (-36907)/(-153) + 2/(-9)?
1
What is the units digit of (-50)/15*(-3 + 0)?
0
Let w be -3 - (3 + -1)/2. Let n(y) = -7*y - 5. What is the tens digit of n(w)?
2
Suppose 0 = 4*h + 2 + 2. Let p(v) = -8*v - 8*v - v + v. What is the units digit of p(h)?
6
Suppose 1 = 5*z - 19. What is the units digit of (-1)/z + 74/8?
9
Let z be (-4)/((-4)/13) - -2. What is the units digit of 3 - 2*z/(-6)?
8
What is the units digit of 2/(-11) - (-2679)/33 - 2?
9
Suppose -1 = 5*x - 2*r, r - 4 = 3*r. Let d(j) = -j + 4. Let y be d(6). What is the tens digit of (11 - x/1) + y?
1
Let b(d) = -33*d**3 - 3*d**2 - 3*d - 1. What is the units digit of b(-1)?
2
Let v be 3/(-9) + 20/6. Let d(z) = -3*z - 5*z**2 - 2*z + 12*z**2 - z**v. What is the units digit of d(6)?
6
Let b(g) = 5*g**2 - g + 1. Let l be b(1). Suppose -j - 3*j + 4*m + 108 = 0, -l*j + 137 = -4*m. Let a = j + -19. What is the units digit of a?
0
Let q = 10 - -13. What is the units digit of q?
3
Let h = 435 + -219. What is the tens digit of h?
1
Let h = 0 + -4. Suppose m + 4*q - 4 = 1, 3*m - 3*q = 15. Let s = h + m. What is the units digit of s?
1
Let l(i) = 2*i**2 - 2*i. Suppose -5*x + 3*a = -5, 8*a - 3*a = -25. What is the tens digit of l(x)?
1
Let z = -1 - -18. Suppose 9 = -l + z. What is the units digit of l?
8
Suppose 0 = -0*a + 2*a - 12. Suppose -4*s + 2 = -a. What is the units digit of (-13)/(-4) + s/(-8)?
3
What is the tens digit of (7/(-21))/(1/(-54))?
1
Suppose -2*o - o + 15 = 0, -23 = 3*u - o. Let x(r) = -5*r. Let m be x(-1). What is the units digit of -8 + m + (1 - u)?
4
Suppose z - 4*y = 4*z - 65, -2*y = -5*z + 65. What is the tens digit of z?
1
Let p = -14 + 25. Let v(q) = -q**3 + 11*q**2 + q - 2. What is the units digit of v(p)?
9
Let n(r) = -r**3 - 27*r**2 + 24*r + 1. What is the units digit of n(-28)?
3
Suppose 2*b - 11 = 17. Suppose 5*q = -0*q - 3*x - 2, 3*q - b = 2*x. What is the units digit of q?
2
Let j(h) = 4*h**2 + h + 2. Let r be j(2). Let p be -1 + (-39)/(4 + -1). Let g = p + r. What is the units digit of g?
6
Suppose 3*o - 11 = k, k = 3*o - o - 6. Suppose 3*v + 282 = f, 5*v = -6*f + k*f + 509. What is the tens digit of 2/7 + f/21?
1
Suppose 0 = -5*k - 16 + 271. What is the units digit of k?
1
Let s = -28 + 42. Suppose -u = 2*u + 21. Let i = s + u. What is the units digit of i?
7
Let n(f) = -f**2 - 20*f + 61. What is the tens digit of n(-21)?
4
Let c be 0/((4 - 3)*1). Suppose c = 4*h - 3*f + 2, 4*h - h - 4*f + 5 = 0. What is the units digit of h?
1
Suppose 3*m = -4*x + 111, -x - x - 3*m + 63 = 0. Suppose -3*h + x = -0*h. Let d = h - 6. What is the units digit of d?
2
Let q(y) = y**2 - 5*y + 7. Let x be q(4). Let p be (12/10)/((-1)/5). What is the units digit of 16/p*x/(-2)?
4
Let h(z) = -z**2 - 10*z - 10. Let x = 15 + -23. What is the units digit of h(x)?
6
Suppose -10 = 2*i, -4*w + 3*i = -w - 6. Let b = 8 + w. Suppose -2*p + b*p - 30 = 0. What is the tens digit of p?
1
Suppose 1 + 30 = b - s, -5*s = 4*b - 97. Suppose -3*g = -g + b. Let x = -4 - g. What is the tens digit of x?
1
Let p = 3 - 1. Suppose p*d - 46 = 22. What is the tens digit of d?
3
Let n = -29 - -43. What is the units digit of n?
4
Let t(u) = -u**2 - 4*u - 1. Let y be t(-4). What is the units digit of -28*2/(y*4)?
4
Let h be (-12)/16*1*-80. Suppose 3*v = 2*i - i, -5*i = -3*v - h. What is the units digit of i?
5
What is the tens digit of -32*(4 - (7 + -2))?
3
Let l(t) = 5*t**2 + 2*t + 4. What is the tens digit of l(-2)?
2
Let n = 846 + -445. What is the hundreds digit of n?
4
Let s(j) = j**3 + 6*j**2 - 3*j. What is the units digit of s(-4)?
4
What is the units digit of 33 + (5 - 2 - 4)?
2
Suppose 2*r = 1 + 7. Suppose 0 = 4*d - 2*d - r. What is the units digit of (d - 0 - 4)*-1?
2
Let f(u) = u**3 - u**2 - 8*u + 2. Let z(w) = -w**3 + 7*w - 2. Let x(r) = -3*f(r) - 4*z(r). What is the units digit of x(-4)?
2
Let o(t) be the first derivative of -11*t**2/2 - 2*t + 1. Let x be o(-2). Let n = x - 11. What is the units digit of n?
9
Let h = -123 + 256. What is the tens digit of h?
3
Let s = 96 + -88. What is the units digit of s?
8
Suppose 3*s = -2*s - 20, 0 = 2*v + s. Suppose 5*y = 4*w - 11, v*y = -y + 15. What is the units digit of w?
9
Suppose -2*w - 3 = -2*r + 7, -2 = -r + 4*w. Suppose -p + 5 = -r. What is the units digit of p?
1
What is the units digit of (2/1 - 3)*-91?
1
Suppose 533 = 3*u + 2*o, 509 = 9*u - 6*u - 4*o. What is the hundreds digit of u?
1
Suppose -4*j - 61 + 9 = 0. Let u = -1 - j. Suppose 0 = 4*v - u - 8. What is the units digit of v?
5
Let i(c) = 3*c - 6. Let a = 13 + -8. What is the units digit of i(a)?
9
Suppose -5*